uppose -3*g + 5*i - 80 = -399, 0 = -2*g + 5*i + 211. Let n be (10/4 + -1)/(27/g). Calculate r(n).
-3
Let l(q) be the first derivative of q**6/20 - q**5/60 + q**2 + 12*q + 56. Let n(h) be the second derivative of l(h). Determine n(1).
5
Let c(o) = o**3 + 13*o**2 + o + 11. Suppose -31 = 2*u - f, 4*u + 5*f + 57 = 6*f. Determine c(u).
-2
Let c(j) = 13*j**3 - 5*j**2 + 14*j - 5. Let y(b) = 8*b**3 - 3*b**2 + 8*b - 3. Let f(x) = 3*c(x) - 5*y(x). What is f(-2)?
4
Let h(p) = 4*p - 35. Let a be h(10). Let k(w) = 4 - 4 + a - 4*w + 3*w. Determine k(6).
-1
Let l be (2/15*-3)/((-1)/(-10)). Let b(d) = -d**2 - 3*d - 5. What is b(l)?
-9
Let v(u) be the second derivative of -8*u + 3/2*u**2 - 1/12*u**4 - 2/3*u**3 + 0. Determine v(-5).
-2
Let x be 5 + 1 + (-272)/34. Let j(n) = 5*n**3 + 2*n**2 - 2. Calculate j(x).
-34
Let q(y) = -y**3 + 4*y**2 + 2. Suppose -z + 39 = 35. Determine q(z).
2
Let r(h) = h**2. Suppose b = 3*b - 68. Let l(g) = 36 + 21*g + g**3 - 83 + b - 12*g**2. Let s be l(10). Determine r(s).
9
Let k(d) = d**2 + 3*d - 2. Suppose -52*t + 45 = 201. Give k(t).
-2
Let j(p) = -14 + 12469*p - 6240*p - 6230*p. Let v = 5 - 13. Determine j(v).
-6
Let a(d) = 8*d**2 - 2*d**3 - 3*d**2 + 4*d**3 - 3*d**2 + 1. Calculate a(-3).
-35
Let z = 377 + -372. Let f(l) be the third derivative of l**6/120 - l**5/12 - 2*l**3/3 - 3*l**2. Calculate f(z).
-4
Let f be 4*2/(4 + -2). Let w(h) = h - 6*h + 6 - 2*h + f*h. Suppose u = -x + 3, -x - x - 5*u = -3. Give w(x).
-6
Let r(s) = -10*s**3 - 7*s**2 - 17. Suppose 3*x + 3 = 3*c, x - c = 2*x - 5. Let h(m) = 3*m**3 + 2*m**2 + 6. Let d(b) = x*r(b) + 7*h(b). Calculate d(0).
8
Let m be ((-1)/((-21)/(-6)))/((-1)/21). Let i(z) = z + 4. Give i(m).
10
Let w = 103 - 101. Suppose 0 = 2*g - 0*g + w*q - 22, -9 = g - 3*q. Let k(l) = 0 - 2 - l**3 - 2 + l + 6*l**2. What is k(g)?
2
Let v(a) = 10*a**3 + 3*a**2 - 6*a - 5. Let l(d) = -7*d**3 - 2*d**2 + 5*d + 4. Let x(f) = -3*l(f) - 2*v(f). Determine x(-2).
-4
Let u be ((-27)/5 - -6)/((-3)/(-20)). Let q(c) be the third derivative of 0*c**u + 1/6*c**3 + 0*c + 1/60*c**5 + 0 - 7*c**2. What is q(2)?
5
Let c(u) = 13*u - 189. Let t be c(15). Let f(r) = 4*r - 3. Calculate f(t).
21
Let r(o) = -14*o - 32. Let k(h) = 22*h + 49. Let c(p) = 5*k(p) + 8*r(p). What is c(9)?
-29
Let h(k) = -3*k**3 + 33 + 2*k + 2 + k**2 - 33. Determine h(-1).
4
Let z(j) = j**2 - 8*j - 233. Let x be z(-12). Let c(f) = f**3 - 6*f**2 - 6*f + 3. What is c(x)?
10
Let j(b) = -b**3 - 5*b**2 - 3*b - 7. Let c(s) = -s**3 + 11*s**2 + 3*s - 3. Let i be c(11). Suppose -2 = u + 5*z + 13, -4*u - 5*z - i = 0. Determine j(u).
8
Let f be (-1788)/(-84) - 4/14. Let q be (-8)/32 - (-338)/8. Let b(u) = -q*u + f*u + 23*u. What is b(-2)?
-4
Suppose -5*z = 25, -2*f + 2*z + 16 + 24 = 0. Let w(g) = -g**3 - f*g**2 + 16*g**2 - g**3. Suppose 4*n - 4 = 0, -n + 5 = -4*u - 0*u. Determine w(u).
3
Suppose -b = -2*k + 6, 3*b = 2*k - 1 - 9. Let a(x) = -6*x**2 - 18*x**2 + 5*x**k. What is a(-1)?
-19
Let b(q) = -q + 2. Let h(l) = -1. Let y(f) = -b(f) + 4*h(f). Let t(x) = 2*x**3 + 61*x**2 + 28*x - 55. Let r be t(-30). Determine y(r).
-1
Let o(d) = 7*d + 1. Let a(v) = v - 28. Let n be a(29). Determine o(n).
8
Let x(l) = -l**2 - 9*l - 5. Let u(v) = 2*v**2 + 13*v + 7. Let i(j) = 5*u(j) + 7*x(j). Suppose 4*g + 24 = -4*w, -10*w + 11*w + 14 = -3*g. What is i(w)?
8
Let l(d) = d - 5. Suppose -4*g - 7 = -11. Suppose 5*q + g = 5*f - 4, 0 = -4*q - 4*f + 36. Determine l(q).
-1
Let r(v) be the third derivative of -v**5/30 - v**4/12 + 2*v**3/3 + 99*v**2. Suppose -3*u + 4*q + 17 = 0, 3*q + 5 = -1. Give r(u).
-20
Let x(z) = z - 4. Let v = 6 + -4. Let t be -1*v*75/(-6). Suppose t + 0 = 5*g. Calculate x(g).
1
Let g(n) be the first derivative of 21*n**4/4 + n**3/3 + n - 1. Let w(x) = x**2 - x + 1. Let c(b) = -g(b) + 2*w(b). Calculate c(1).
-21
Let o(r) = r + 2. Let y be o(4). Let w(u) = -u**2 + 4*u - 9. Give w(y).
-21
Let i(a) = 9*a**2 - 19*a + 13. Let m(b) = 11*b**2 - 20*b + 14. Let d(v) = -5*i(v) + 4*m(v). Determine d(14).
5
Let b(i) = -i**2 - 5*i + 2. Let q = 302 - 299. Give b(q).
-22
Let z = -59 - -68. Let n(r) = -7*r + 5. Let j(f) = -14*f + 11. Let w(b) = z*n(b) - 4*j(b). Determine w(-3).
22
Let j(y) = y**3 + 11*y**2 + 10*y + 2. Let a(q) = q**3 + 9*q**2 + 8*q + 1. Let u(l) = 4*a(l) - 3*j(l). Let h = -1 - -4. Suppose -2*m = 1 + h. Give u(m).
-2
Let d(o) be the first derivative of -29*o**4/2 + o**3/3 - o**2/2 + o - 586. What is d(1)?
-57
Let f(i) = 5*i + 551 - 2*i - 550. Calculate f(2).
7
Let z(j) = 3*j**2 + j + 1. Suppose 229 - 220 = -3*x. Calculate z(x).
25
Let y(d) = -2*d**2 + 2. Let x(w) = -11*w**2 - 3*w + 10. Let c(j) = x(j) - 5*y(j). Suppose 2*k = -0*k - 12. Give c(k).
-18
Let d(y) = 4*y**3 + 9*y**2 + y - 9. Let i(q) = q**3 + 2*q**2 + q - 3. Let h(r) = -d(r) + 3*i(r). Let x = 5 + -8. What is h(x)?
-6
Suppose 3*f - 2*z = -z - 67, 4*f - z = -88. Let c be (14/f)/((-1)/12). Let y(d) = d**3 - 9*d**2 + 8*d - 6. Calculate y(c).
-6
Suppose 7*k = 2*k - 35. Let o(l) = l**3 + 0*l**2 + 14*l**2 - 7*l**2 - l + 1. What is o(k)?
8
Let s be (-42)/140 + (-46)/(-20). Let x(a) be the second derivative of 1/2*a**s - 7/6*a**3 + 0 - 6*a. Give x(-1).
8
Suppose -3*g = g - j + 35, -2*g = -j + 19. Let c be (-26)/g + (-2)/8. Let d(v) = 8*v - 9*v + 0 + c. Calculate d(-4).
7
Let l(w) = -65*w + 67*w - 34 + 41. Give l(-8).
-9
Suppose 12 = -3*g - 4*l, g + 3*l + 5 = -4. Let q(x) = -x**2 - 2 + 6*x + g - 7. Determine q(6).
-9
Suppose 4*o = 3*m - 4, -3 = 2*o - 3*m + 5. Suppose -z + 20 = 4*z. Let d(y) = -z*y + 3*y - y + 3*y. Determine d(o).
2
Let k(t) = -t**2 - 2*t + 7. Let i(g) = g**2 + 2*g - 6. Let s(p) = 5*i(p) + 4*k(p). What is s(-5)?
13
Let n(g) = 7*g**2 + 6*g - 8. Let f(d) = -d**2 + 1. Let s(a) = -a**3 - 6*a**2 + 17*a + 7. Let q be s(-8). Let v(j) = q*n(j) - 6*f(j). What is v(-7)?
-5
Let i = -1828 - -1826. Let s(g) = 4*g**3 + 2*g**2 - 3*g - 4. What is s(i)?
-22
Let b(g) = -g - 1. Let a(w) = 3*w - 2*w - 5*w - 5 + 2*w. Let m(o) = a(o) + 2*b(o). Calculate m(-6).
17
Suppose 2*v + 5 = -1. Let s(d) = d**3 + 6 - 17*d - 15 + 5 + 13*d + 3*d**2. Determine s(v).
8
Let r(h) = 14*h**2 + 9*h + 9. Let j be r(-3). Let m(l) = 7 + 56*l - j*l + 51*l. Calculate m(6).
1
Let u(c) = 5 + 6*c - c**2 - 5. Suppose 4*l - 10 = 9*l. Let m = 7 + l. What is u(m)?
5
Let m(j) be the second derivative of j**4/12 + j**3/6 + j**2 + 5*j. Let w(s) = -22*s - 91. Let b be w(-4). Determine m(b).
8
Let c(p) = -5*p**2 + 21*p + 1. Let r(j) = 2*j**2 - 7*j. Let o(z) = -3*c(z) - 8*r(z). Let g be o(-7). Let l(b) = -1 + 4 - 5*b**2 - 3*b - b**3 + 0 + 0. Give l(g).
-6
Let l(y) = 5*y**2 - 2. Let m(q) = 22*q**2 - 12*q + 3. Let z(b) = 4*l(b) - m(b). Determine z(6).
-11
Let m(u) be the third derivative of -u**5/60 + u**4/24 + 2*u**3/3 + 16*u**2 + u. What is m(3)?
-2
Let f(z) = -3*z + 3. Let b be 53 - -1*(-3 - (-2)/1). Let k = -48 + b. Give f(k).
-9
Let y(j) = -3*j**3 - 6*j**2 + 8*j + 3. Let n(v) = 10*v**3 + 18*v**2 - 25*v - 10. Let f(b) = -2*n(b) - 7*y(b). Calculate f(-7).
-8
Let b(p) = -3*p + 7. Let h be 2992/340 - (-1)/(-5)*-1. Determine b(h).
-20
Let g(s) = -27*s - 1 + 4*s**2 + 27*s + 283*s**3 - 280*s**3. What is g(-3)?
-46
Let c be 0 + 0 + 0 - -6. Suppose 0*a + 20 = 5*a. Let q(l) = -2 - 5 + 2*l - 4 + a. Determine q(c).
5
Let p(i) be the third derivative of i**4/24 + 8*i**3/3 - i**2. Let o be 3325/(-77) - 4/(-22). Let h = 43 + o. What is p(h)?
16
Let o(t) = 9*t**2 + 2*t - 17. Let b(r) = 11*r**2 + r - 18. Let a(n) = -4*b(n) + 5*o(n). Calculate a(-8).
3
Let s(j) = -j**3 + 10*j**2 + 10*j + 15. Let l be (15/(-6))/(2/(-4)). Let r(y) = y + 6. Let c be r(l). Calculate s(c).
4
Let f(m) = -m**2 + 7*m - 9. Let a be (-4)/(-10) + (-915)/(-25). Let q = -31 + a. Give f(q).
-3
Let m(s) = -11*s + 1. Let h be 1/2 - 30/(-20). Suppose -h*w = q + 9 - 3, 4*w + 12 = 3*q. Suppose q = a - 1. Calculate m(a).
-10
Let u(c) = -c**3 + 6*c**2 + 4*c - 3. Let v(t) = t**2 - 8*t - 14. Let z be v(10). What is u(z)?
21
Let d(z) = -47*z - 428. Let r be d(-9). Let l(h) = -h**2 - 4*h + 3. Calculate l(r).
-2
Let h be (-28)/18*(-12)/(-14)*-6. Let i(y) = 0 - 2 + 2*y - y. Let g be i(h). Let a(r) = r - 6. Give a(g).
0
Let a(z) = -z - 9. Let h be a(-12). Let w(p) = 4*p - 2*p - 1 + 0*p - 4*p**2 + p**h. Let o(v) = v + 1. Let b(j) = o(j) + w(j). What is b(3)?
0
Let i(u) be the third derivative of -u**6/120 + u**4/24